d by 214.
213
Suppose -y = 1, -2*y = -s + y + 82. Let k be 135/54 + (-1)/(-2). Suppose -s = -z - k*l, 3*z = 2*z + 3*l + 49. Calculate the remainder when z is divided by 22.
20
Let s(n) = n**3 - 9*n**2 - 12*n - 89. Calculate the remainder when 628 is divided by s(11).
19
Let v = 17 + -133. Let t = 149 + v. Suppose 3*b = t + 36. What is the remainder when 34 is divided by b?
11
What is the remainder when 608 + ((-1)/2*15)/((-125)/100) is divided by 36?
2
Suppose -31*o = 128*o - 14616 - 330. What is the remainder when (-8)/((32/(-196))/4) is divided by o?
8
Suppose -9*u + 219 = 111. Let j be 2 - (-3 - -1 - -4). Suppose j*n - 71 = -n. What is the remainder when n is divided by u?
11
Calculate the remainder when 188 is divided by 3 + 13 - (16 - 14 - 1).
8
Let w(c) = -c**3 + 3*c**2 - 23*c - 84. Let f be w(-7). Suppose 3*b - 341 = 2*r, 5*b - 10*b + 4*r = -f. What is the remainder when b is divided by 51?
13
Let n(c) = 36*c**2 + 19*c + 54. What is the remainder when n(-3) is divided by 104?
9
Suppose -201*v + 200*v = -3*o + 36, 3*o + 3*v - 36 = 0. Calculate the remainder when 823 is divided by o.
7
Suppose -4*h - 83 = -5*o, -h = -2*o - 7*o + 137. What is the remainder when 4289 is divided by o?
14
What is the remainder when 3438 is divided by ((-840)/(-55))/(32/176)?
78
Let l = 1373 + -1367. What is the remainder when 119 is divided by l?
5
Suppose -224 = -4*w - 2*u - 102, 0 = 2*w - 4*u - 86. Calculate the remainder when w is divided by 17.
16
Let i(v) = 3*v**2 - 28*v - 88. Let h = -810 + 822. Calculate the remainder when 183 is divided by i(h).
7
Let d(k) = -33*k - 270. Let y be d(35). Let u = y + 2083. What is the remainder when u is divided by 20?
18
Let c be 1 - (-9)/(9/(-4)). Let k be c + 11 + (-8)/(6/3). Suppose m - 3*w + 312 = k*m, 0 = m - 2*w - 113. What is the remainder when m is divided by 27?
26
Let h = -22708 + 22760. Calculate the remainder when 5510 is divided by h.
50
Suppose 0 = 7962*i - 7963*i - 5*m + 70, -2*m = 2*i - 52. Let p(d) = -d**3 + 44. Calculate the remainder when p(0) is divided by i.
14
Suppose -345*t = -351*t + 72. Let w(a) = a**3 + 2*a**2 - a + 3. Let y be w(-3). Calculate the remainder when t is divided by -2 - y - 12/(-4).
0
Let q(p) = 28*p + 1203. What is the remainder when 218 is divided by q(-41)?
53
Suppose 0 = 2*u + 2, 20*u = k + 15*u - 68. What is the remainder when 126 is divided by k?
0
Suppose -44446 = -263*p - 1577. What is the remainder when p is divided by 71?
21
Let r(z) be the third derivative of z**5/60 - z**4/8 + 5*z**3/3 - 20*z**2. Let m be r(3). Let t = 51 - m. What is the remainder when t is divided by 21?
20
Suppose -3*k - 114 = -t, -2*k - 210 = 3*k + 5*t. Let u be -3*(k/9 + 2). Let q(x) = x**3 - 5*x**2 - 12*x + 8. Calculate the remainder when q(u) is divided by 8.
6
Let p(l) = l**3 + 14*l**2 + 29*l + 27. Let i be p(-11). Suppose -4*o + 10 + 2 = 0. What is the remainder when (-2 + o)/(4 - 283/i) is divided by 24?
23
Let x = -264 + 296. Suppose -641 = -13*i + 711. Calculate the remainder when i is divided by x.
8
Let l = -980 - -1031. What is the remainder when 246 is divided by l?
42
Let b = -548 - -314. Let n = 253 + b. Calculate the remainder when 2087 is divided by n.
16
Let v be (-14)/63 - 318/27. Let r be 52/24 - (-2)/v. Suppose 5*x - z = 50, 2*x - 43 = -x - r*z. What is the remainder when 21 is divided by x?
10
Let t = 401 - 397. Suppose t*h - 43 = 85. What is the remainder when 52 is divided by h?
20
Calculate the remainder when 1/(-7) + (-13068)/(-189) is divided by 37.
32
Calculate the remainder when 133 is divided by (34/(-85))/((-8)/(-6)*42/(-9940)).
62
Let n(r) = -27*r + 364. What is the remainder when n(-12) is divided by 31?
6
Let k(j) = 4*j**2 - 106*j + 268. What is the remainder when 175 is divided by k(24)?
7
Let m = 20 - 17. Suppose -m*v - k = k + 125, -v = -2*k + 47. Let u = 97 + v. What is the remainder when u is divided by 11?
10
Let n(d) = -3*d**2 + 44 + 11*d + 6*d**2 + 3*d - 2*d**2 + 8. What is the remainder when n(-12) is divided by 4?
0
Let n(y) = -4*y**2 - 9*y + 19. Let w be n(4). Let m = 73 + w. Calculate the remainder when 30 is divided by (84/10 - 2) + m/20.
0
Let g = 32 - 68. Let t = g - -43. Suppose -2*c + 325 = -2*x + t*x, 3*c = -15. What is the remainder when x is divided by 18?
13
Let c(k) be the second derivative of 0 + 2/3*k**3 + 2*k - 29/2*k**2. What is the remainder when 43 is divided by c(13)?
20
Let s = -21 + 5. Let q(v) = 6*v**2 + 44*v + 28. Let m be q(-7). Calculate the remainder when 88 is divided by ((-184)/2)/(m + s).
42
Let h be (-28)/(-5) - 2/(-5). Let k(o) = -o**2 - 49*o - 435. Calculate the remainder when k(-16) is divided by 3 + (13 - (3 - h)).
17
Suppose 15*d = -31 + 1. What is the remainder when 45 is divided by ((-5)/(-1))/(5/(-60)*d)?
15
Suppose -5*z - 5*i - 752 - 118 = 0, -i + 170 = -z. Let o = z + 194. What is the remainder when 130 is divided by o?
20
Let a = -107 + 115. Let l be (-3)/(-1 - (7/(-4))/7). Suppose 0*w + w = -l*v + 35, 132 = 3*w + 3*v. What is the remainder when w is divided by a?
7
Let i(p) = -23*p - 4. Suppose 44 = 5*r + 2*b - 33, -3*r = -2*b - 59. Calculate the remainder when i(-3) is divided by r.
14
Let c be (-2*2/8)/(2/(-44)). Suppose -c*l + 5*l + 18 = 0. Suppose l*o - 51 = -3*t, 4*o + 48 = 4*t + 3*o. Calculate the remainder when 50 is divided by t.
11
Let l = -135 - -130. Calculate the remainder when 233 - (l + 2 + -3) is divided by 8.
7
Suppose -x + 170 = 2*a, 2*a - 344 = -0*x - 2*x. Suppose -x = f - 3*f. Calculate the remainder when f is divided by 18.
15
Let p(g) = g**3 - 4*g**2 - 4. Let v be p(4). Let a = -26747 - -26865. What is the remainder when a is divided by (1 - -1)*(-30)/v?
13
Let t(s) = 5*s + 112. Calculate the remainder when t(11) is divided by -5 + 1 - (9 + -47).
31
Let q(o) = o**3 + 5*o**2 - 5*o - 2. Let k = -221 - -218. Calculate the remainder when 121 is divided by q(k).
28
Suppose 58 + 50 = -9*a + 126. What is the remainder when 528 is divided by a?
0
Let t(b) = -138*b + 607. What is the remainder when 342 is divided by t(4)?
12
Suppose 4*d - 10*f - 3995 = -11*f, -3*d = f - 2997. Calculate the remainder when d is divided by 84.
74
Let t = 4209 + -4053. What is the remainder when 623 is divided by t?
155
Suppose 6*s - 5*s = -3*i + 29, s + 35 = 5*i. Suppose 5*k + 2*u + 70 = 0, 5*k + 0*k + 4*u = -70. Calculate the remainder when (-276)/k + 2/7 is divided by i.
4
Let l(g) be the third derivative of -4*g**4/3 - g**3/6 + g**2. Let j(c) = -5*c**2 + 847*c + 5273. What is the remainder when l(-1) is divided by j(-6)?
9
Let z be -2 - (0 - -1) - (-42 - 6). Suppose -8*c + 123 = -z. What is the remainder when (40 - -1)*(11 - 5)/6 is divided by c?
20
Let l = -7431 - -7550. What is the remainder when 397 is divided by l?
40
What is the remainder when (1944/270)/((-6)/(-1420)) is divided by 57?
51
Let b(h) = 2*h + 43. Let v be b(-2). Suppose 5*t + 140 = 5*y, 187 = 5*y - 3*t + v. Calculate the remainder when y is divided by 17.
15
Suppose -102 = -3*c + 3*n, -3*n - 26 = c - 2*c. Let v = 1 + -2. What is the remainder when v + 227 + 3 + -3 is divided by c?
36
Let y be ((-2)/8 - (-6)/24)/(-2). Suppose t = 2*l + 20 + 2, y = t - 5*l - 7. Suppose -7*v + 72 = -3*v. What is the remainder when t is divided by v?
14
Let j be (-4)/6 + 183491/(-231). Let p = j - -820. What is the remainder when 99 is divided by p?
24
Suppose -2*y = 2*a - 46, 0*a - 79 = -3*y - a. Suppose -24*k - 124 = -y*k. Calculate the remainder when 60 is divided by k.
29
Calculate the remainder when 521 is divided by (-138)/(-60)*7 + (-12)/120.
9
Let l = 481 + -474. Suppose 5*s + q - 60 = 0, l*q - 28 = -s + 10*q. Calculate the remainder when 88 is divided by s.
10
Let v(r) = -r + 70. Let n(p) = 26*p - 5. Let a be n(1). What is the remainder when 143 is divided by v(a)?
45
Let w = -32552 + 32689. Calculate the remainder when 1591 is divided by w.
84
Let g = -32 + 36. Suppose 0 = 4*i - 4*z - 8, 3*z + 0 = -4*i + 8. Suppose g*x = -i*x + 336. Calculate the remainder when x is divided by 21.
14
Calculate the remainder when 360 is divided by 2/3*(-46494)/(-252).
114
Let r(o) = 29*o - 4. Let u be r(5). Let j = 99 - u. What is the remainder when (1 - j/12)/(2/12) is divided by 15?
12
Let d = 191 - 919. Let h = d + 480. Calculate the remainder when (-2 + -2)/(-12) + h/(-